93 + -502) - (-1 + -70).
64
What is the value of -82 - (-10 - 0 - -3 - -4) - (-1875 - -1878)?
-82
Calculate (-6 - (0 - 0)) + (-64 + -16 - -116) - -9.
39
What is the value of -52 - (-18 + -14 + -26) - (-12 - 1)?
19
What is the value of 29 + -13 + 9 + 7 + 4 + 0?
36
Evaluate 15958 - 15993 - (59 + 1 + 0).
-95
What is the value of (-3 - (0 + (13 - 13 - 50))) + (-4 - -17)?
60
Calculate 80 + (-1 - 15 - (162 - 112 - 69)).
83
Calculate -6 + -52 - 3 - 14 - -15 - -5.
-55
Evaluate -42 - ((-7 - 47) + -3).
15
What is the value of -24 + -11 + -2 + 38 + -28?
-27
Calculate (248 + -124 - 128) + 37 + -2.
31
Evaluate 7 - -1 - (-16 + (-3 - 3) + 4).
26
-6 + 15 + -11 + -28 + 1 + -1 + 2
-28
Calculate (2 - (2 - 3 - -5)) + (-31 + 103 - 25).
45
What is the value of -27 + 33 + 13 + -16?
3
Calculate 0 + (-18 + -5 - 0).
-23
Calculate -20 + 21 + (-13 - (8 - 15)) - 52.
-57
Evaluate -16 - 10 - -53 - 16 - 12.
-1
Calculate 2 + -15 - (15 + -40 - -8) - 31.
-27
What is 2 - (32 + 0) - (-2669 - -2592)?
47
-14 - (176 - (66 - 5))
-129
Calculate (6 - ((-50 - 5) + -1)) + 79 + -80.
61
49 + (-52 - -86) + -41
42
What is 121 - (-90 + 121 + 58)?
32
What is (11 - (11 + -7 - 4)) + 4 + -18 + -73?
-76
26 + -108 - (-76 + 92)
-98
Calculate 2 - (0 - (-26 + 21) - -9) - (86 + -1).
-97
What is the value of -5 - (-16 - (-30 - (-5 + -11)))?
-3
Evaluate -11 - 1 - (120 + (-15 - (19 + -9 + -5))).
-112
22 + 15 + -2 - (20 + -6)
21
Calculate -21 - (17 + (-9 - (-2 + 2))) - -10.
-19
Calculate 13 - 4 - -23 - 6 - 8.
18
What is (0 + -14 - (-35 - -64 - 57)) + -60?
-46
Evaluate 170 + -229 - (8 - 141).
74
What is the value of -34 + (-65 - (38 + -74 - -73))?
-136
2 - (4 - -4) - (-202 - -201) - (0 + -47)
42
What is -16 + (-14 - 1) - (3 - ((-3 - -9) + 0))?
-28
Calculate -12 + -1 - -25 - -50 - -2.
64
What is the value of 14 - (49 - 24) - ((-44 - (-7 - -4)) + 4)?
26
Calculate (-652 - -647 - (-2 + -2)) + -59.
-60
Calculate -4 - (-6 - (-9 + (-7 - -10) + 6)) - -40.
42
Evaluate -18 - (-33 - -101) - (-55 + 47).
-78
Evaluate -64 - (-46 - -15) - -13.
-20
What is ((-15 - 4) + (-2 - -3) - (24 + -33)) + -46?
-55
What is the value of 0 - (-16 + 17 - 3) - (70 - (8 + -1))?
-61
Evaluate 3 + -55 + -1 + 4 + -12 + 2.
-59
Evaluate 9 + 4 + -1 + (16 - 15) + -42.
-29
Evaluate ((69 - -3) + 83 + -54 - (-9 - 2)) + -13.
99
Evaluate (-42 - (33 + -27)) + -11 + -5.
-64
Calculate (-15 - ((-16 - 32) + 45)) + (-1 - 52).
-65
What is the value of 22 - (74 + -10) - (-25 + 35)?
-52
Evaluate 11 - (2 - (-7 + (11 - 14)) - 17).
16
Evaluate -1136 + 1145 - (-2 + (6 - 10) + 86).
-71
Calculate -28 + 39 + -41 - -39.
9
What is (-634 - -620) + (4 - 7) + 3 + (0 - 106)?
-120
What is the value of -6 + (14 - (-18 + 16)) + 47?
57
Calculate 12 + -2 + 28 + 14 + 20 + -32.
40
What is (0 - (-3 - -15)) + 13 + (-14 - 39)?
-52
Calculate -120 + (-7 - -70) + 111.
54
What is (83 - (-23 + 65)) + 3 - -2?
46
What is the value of (-8 - -23) + 21 + (-1 - 50) - 73?
-88
Evaluate (27 - (49 + -35)) + -4.
9
Evaluate (8 - ((9 - 27) + -5 - (5 + -1))) + 5.
40
What is the value of 1 + 6 + -4985 + 4997?
19
What is the value of -24 + (12 + -13 + (-2 - (0 - 0)) - -7)?
-20
Calculate 99 - 74 - 52 - 18.
-45
Calculate (-4 - (-6 - 28)) + 2 + -3 + 1 + 9.
39
What is -24 + 6 + -5 - -22 - (3 + 68)?
-72
Calculate (-158 - -69) + 85 + -18 + 0.
-22
-4 + -1 + (-22 - -21) + -33 + 15 + 100
76
Evaluate 5 + (-3 - 4) + (-8 + 4 - 4).
-10
What is -14 + 187 + -183 + (89 - (1 + -1))?
79
What is the value of (3 - (0 + -2) - 1) + (-89 - (17 - 65))?
-37
What is -16 + -32 + 5 + 78?
35
What is the value of 54 + -73 - (1 - (20 + -71))?
-71
Evaluate -6 + (-34 - (-8 - 29 - -18)).
-21
-36 - (-14 - 5 - (34 + -19 - 48))
-50
Evaluate -4 + 10 - 3 - (6 + 11 + -9 + -12).
7
What is 19 + -9 + -25 + 8 + -18 - -3?
-22
Calculate -49 + (105 - 120 - (-24 - 2)).
-38
7 + 71 + -92 + (0 + -3 - -67)
50
-1 + -108 - (5744 + -5783)
-70
-110 - (-3 - -2 - -1 - (2681 - 2686))
-115
What is -107 + (112 - (-123 - -46))?
82
What is (-653 + 465 - -150) + (0 - 0 - 5)?
-43
What is the value of 120 - (-68 - (-129 + 71))?
130
45 + -1 - ((70 - 82) + 80)
-24
Calculate (-10 - 10 - -12) + 29.
21
What is (-3 + 4 - 9 - -14) + (-59 - (0 + -3))?
-50
What is 0 + 16 + (46 + 50 - 260)?
-148
Evaluate 22 - (-56 + 50 - 12).
40
What is the value of (3 + -10 - (24 + -1 + -23)) + 5?
-2
-10 - (72 + -106) - -2
26
Evaluate 3296 - 3323 - (1 - 44).
16
What is the value of 41 - (-4 - ((-22 - -10) + -2))?
31
Calculate 15 + -30 + -25 - ((2 - 5) + 1 + -8).
-30
Calculate (-88 - -19) + 36 + 12.
-21
Evaluate 104 + (86 + -183 - -120).
127
What is the value of 2 + -2 + (-10243 - -10104)?
-139
What is the value of -135 + 98 - -22 - (-1 - 2 - -93)?
-105
What is the value of (-14 - (-10 + 4) - -23) + (-13 + 22 - -6)?
30
What is -42 + 67 + (6 - -5) + 2 + 3?
41
Evaluate 16 + -31 - (-1 - (33 + -3)).
16
What is the value of -18 - (-71 + -1 + 86 + -64)?
32
Evaluate (57 - -2) + -102 + -16.
-59
Calculate 35 + (36 - 68) - -32.
35
What is the value of -53 - (-7 + 6 + 9 + 8) - -1?
-68
Evaluate 63 - (5 - ((-7 - -14) + (-6 - (-15 + 0)))).
74
What is the value of -105 + 18 + -80 + 99?
-68
Calculate (1 + (1 - 8 - 2 - 2) - -4) + 51.
45
Evaluate -2 + 18 + -65 + (4 - (8 - 14)).
-39
-15 - (-115 - (-65 + 3))
38
Evaluate (-98 - -117) + (-7 - 6).
6
Calculate (-12 - -1 - 5) + 86 + -4 + 17.
83
What is the value of (-9 + 16 - -8) + -4 + -22 + 72?
61
Calculate 9 + (67 - 33) + 3 + -43.
3
Calculate -39 + 1 - (191 + -222).
-7
Calculate (-1168 - -1126) + (5 - -14 - (6 + -1)).
-28
What is the value of 0 - (0 + 45 - ((-13 - (6 - 21)) + 4))?
-39
What is 0 + (37 - (-17 + 21)) + -7?
26
What is the value of -30 + 73 - (0 - (-11 + (3 - (4 - 7))))?
38
What is the value of -4 + (10 - ((-20 - -16) + 8 + -1 + -6))?
9
What is the value of (2 - 55) + 58 - 48?
-43
Calculate ((-11 - 1) + 36 - 59) + 30.
-5
Calculate (-69 - -22) + 727 + -674.
6
What is -24 + -2 + 2 + (-24175 - -24198)?
-1
Evaluate 341 + -327 - (5 - 0 - -13 - 3).
-1
What is the value of (-1 + 32 - (680 - 656)) + -84?
-77
Evaluate -56 + (11 - 1 - ((15 - 37) + 29 - -4)).
-57
Evaluate -16 + 16 + -37 - -7.
-30
What is -7 + 11 - -8 - ((-28 - -48) + 20)?
-28
Calculate 4 + 113 - (73 - (-13 + 44)).
75
Calculate -6209 + 6228 - (0 + 129 - (0 + 1)).
-109
Calculate (-8 + 7 - 8 - 7) + 10 - -2.
-4
Evaluate -52 - -96 - -25 - 21.
48
Calculate (-800 - -805 - (0 - -10)) + -122 + -21.
-148
Evaluate -28 + (15 - (-17 - -37) - 0).
-33
4 - (44 - -26 - 4)
-62
What is the value of (3931 - 3951) + -51 + 3?
-68
What is 104 - (64 + -112 + 201)?
-49
What is 69 - 0 - 82 - (-3 + 10)?
-20
(-18 - -7) + 8 - 32 - (-7 + 19)
-47
Evaluate 25 + 0 + (85 - 209) + 143.
44
What is -149 + (93 - (104 - 102))?
-58
132 + -192 + 47 + -4
-17
Calculate (-8 - 0) + 11 - (-52 - (16 - -3)).
74
19 + -23 + -8 + (-10 - -19) - -80
77
What is the value of -9 - ((-29 - -4) + (4 - 16) + (-3 - -24))?
7
What is the value of -11 + 37 + (-19 - (-19 + 9))?
17
What is the value of -70 + (34 - (67 - 109))?
6
Calculate 73 + (-93 - -11) + (-25 - -6).
-28
Evaluate -7 - (-32 - (85 + (12 - -8))).
130
What is (-17 - (-70 - -23)) + -2 + -21 + 109?
116
What is the value of (-8 - (-5 + -1 + -5)) + -10 + 5?
-2
What is the value of 11 + -1 + -2285 + 2293?
18
What is -36 - -57 - (23 + -6) - -11?
15
4 - 7 - (-38 + 1 + -5 + -18 + 14)
43
Evaluate (-13 - -37) + -57 - 4.
-37
What is the value of (13 - -2) + -4 + 48 + -61?
-2
What is the value of (4 - (-2 + -3 + 6 + 27)) + (-47 - -38)?
-33
What is 74 + -97 + 53 + 25?
55
Evaluate -6 - ((14 - 50) + 5).
25
What is the value of 12 + 1 + 1 + (79 - -186) + -205?
74
What is (-2 + -1 - -14) + 1021 + -1005?
27
What is -16 - 1 - (22 + 1 - (1344 + -1312))?
-8
Calculate -46 + 63 + 3 + (-81 - 3).
-64
What is the value of (1 + 8 + 12 - 3) + 7?
25
Evaluate 40 + (-3 - (-34 - -37)) + (2 - -5).
41
What is the value of (-28 + 16 - -10) + (-84 - (-4 + -5) - -5)?
-72
Calculate (-12 - -9) + 1 + -12 + 12 + (31 - 1).
28
-1 - -2 - 23 - ((25 + -14 - -8) + -26)
-15
What is -1643 + 1661 - (-2 + -34)?
54
10 + -1 + (3 - 13) + 11 + -6 - -33
37
Calculate (24 - 158 - (-5 - -1)) + (96 - (-21 - -126)).
-139
-34 + 10 + (7 - -45)
28
What is the value of (-43 - (41 + -24)) + 42?
-18
What is the value of -3 + (39 + 3 + -35 - -27)?
31
Evaluate 97 + -54 + (-46 - -50).
47
Evaluate 24 + -25 + 5 + -10 + -6 + -2 + 1.
-13
What is the value of -52120 